(g) be the third derivative of o(g). Is x(5) composite?
False
Let p(n) = 26*n**2 - 26*n + 93. Is p(-45) a composite number?
True
Let o(j) = 63*j + 1. Let s be o(3). Suppose 0 = 11*u - 27*u - 1296. Let g = s + u. Is g composite?
False
Let o(r) = -5*r - r + 17*r**2 + 11*r**2 + r - 8. Is o(-3) a prime number?
False
Let p = 14324 + -3295. Is p a composite number?
True
Suppose -112 = 4*n - 8*n. Let d = -39 + 30. Is d/21 - (-15832)/n prime?
False
Suppose 685 = -z - 1271. Is (2/(-3))/(8/z) a composite number?
False
Let j(c) be the third derivative of c**4/24 - c**3/6 + 4*c**2. Let f be j(6). Suppose f*n - 443 = -3*q, -5*q = -3*n - 0*q + 293. Is n composite?
True
Let o = 31 - 21. Let h be 48954/30 + (-8)/o. Let u = 2508 - h. Is u a composite number?
False
Let z = -32 - -39. Suppose -z*p = 102 - 5373. Is p composite?
True
Let t be 18/12*(-16)/(-6). Suppose q = -0*q + t. Suppose -h - q*h + 4*d = -2349, -2*h + 4*d + 942 = 0. Is h a composite number?
True
Let o be (-3 + 4 - 4) + -14. Let p = -11 - o. Suppose p*g - 3*g = h + 3637, 5*h = 4*g - 4842. Is g a composite number?
False
Suppose -380 + 80 = 5*u - 5*i, -3*u - i - 180 = 0. Let l = 155 + u. Is l composite?
True
Suppose -4*l + 33745 = m, -2 = l - 1. Is m a composite number?
False
Suppose 2*u = -u + 189. Let o = -66 + 100. Suppose o = b - u. Is b composite?
False
Let h(j) = -846*j**3 + 6*j**2 + 9*j + 5. Is h(-2) a prime number?
True
Is ((-49615)/5)/(21/(-21)) prime?
True
Let p(a) = -a**3 + 6*a**2 + 8*a - 3. Let w be p(7). Is ((-4)/6)/(w/(-222)) composite?
False
Let b be (-16)/32 - 9/2. Let p(n) = -37*n + 2. Is p(b) prime?
False
Suppose 4*a - 157 = -3*w, -a + 18 + 5 = 4*w. Suppose r + a + 127 = b, -3*r = 4*b - 673. Is b composite?
True
Suppose 2*m + 52453 = f, -m - 3*m = 0. Is f a composite number?
False
Suppose -s + 2*s - 16185 = c, -4*c = 8. Is s a composite number?
False
Suppose -3*a = -27325 - 2402. Suppose -a = -4*l - 5*l. Is l a prime number?
False
Suppose 0 = -4*m + 1721 - 665. Suppose m + 262 = 2*u. Is u a prime number?
True
Let b(a) = 1710*a**2 + 1. Is b(-1) a composite number?
True
Let h be 252/(-27)*(-6)/(-4). Let q = 14 + h. Is (400 - (-4 + 3)) + q composite?
False
Suppose 21*m - 10530 = 34809. Is m composite?
True
Let g be ((-2)/3)/((-8)/(-132)). Let b(y) be the first derivative of y**4/4 + 5*y**3 + 4*y**2 - 15*y - 24. Is b(g) a prime number?
False
Let x(s) = -s**3 - 43*s**2 - 28*s - 122. Is x(-43) composite?
True
Let q = 14727 - -11210. Is q a prime number?
False
Suppose 0*a = z - 3*a - 773, -2*z = -4*a - 1542. Is z prime?
False
Is ((-3908)/6 - 0)*741/(-38) a prime number?
False
Let g = 4 + 1. Suppose g*w + 10 = 0, 5*w + 58 = -2*s + 294. Suppose 42 + s = 5*r. Is r prime?
False
Suppose 4*n - 5*q = 635 + 4978, 0 = -2*q - 10. Is n composite?
True
Let h be (-2 + -21)*(-2)/2. Let j = h + -17. Is 4/j*(-1068)/(-8) a prime number?
True
Let u be 2/1 - (-2 - -2). Suppose u*t + 1410 = 8*t. Is t a prime number?
False
Is -7 + 16 + -9 - -905 a composite number?
True
Suppose h + 5*i = 6103, 72*h + 5*i = 73*h - 6123. Is h prime?
True
Let l(i) = 2*i**2 + 16*i - 17. Let n(o) = o**2 + 5*o + 1. Let f be n(-4). Let p be ((-2)/f)/((-4)/72). Is l(p) prime?
True
Let o = -58 + 88. Let h be 56/o - (-2)/15. Suppose 1616 = 4*d + 5*z, -3*d - 3*z + 2033 = h*d. Is d composite?
False
Let w(k) = -k**3 - k**2 + k + 319. Let x be w(0). Suppose 2*z - 340 = 4*z. Let t = x + z. Is t a composite number?
False
Is ((-1)/(-10 + 7))/((-4)/(-146436)) a composite number?
False
Let x = 3313 + 10738. Is x composite?
False
Suppose -u + 317 - 262 = 0. Suppose -3*n + 1152 = -3*s, -5*n + 4*s - 5*s + 1944 = 0. Let j = u + n. Is j a composite number?
False
Let c = 966 + 1389. Is 4 - (c/3)/(-5) a composite number?
True
Let p be (167/(-2))/(3*5/(-1260)). Suppose 0 = -2*q - 4*q + p. Is q a composite number?
True
Let h(q) be the third derivative of -5/6*q**3 + 7/12*q**4 + 0 + 0*q - 5*q**2. Is h(6) prime?
True
Let y be (32 - 0)*11/22. Let c = y - -13. Suppose z + 0*r + 5*r - c = 0, 4*z = -4*r + 84. Is z prime?
True
Suppose -4*u - 4*r + 8713 + 1503 = 0, 0 = u - 2*r - 2554. Is u a prime number?
False
Suppose 0 = -3*i + 1325 + 9748. Is i a prime number?
True
Let f(n) be the first derivative of 29*n**3/6 - 2*n**2 + 3*n - 12. Let c(q) be the first derivative of f(q). Is c(3) a prime number?
True
Let j(z) = -7581*z + 344. Is j(-5) prime?
False
Suppose -17*u - 68427 = -26*u. Is u composite?
False
Let m(b) = -3*b**3 + 4*b + 3. Let p be m(-3). Suppose -p = -4*k + 12. Suppose -k = -2*y + 5*l, 53 + 82 = 5*y + 4*l. Is y a composite number?
False
Is -6*30010/(-60) - -10 composite?
False
Suppose -d - 2635 = -5*a + 2*d, a + 5*d = 499. Let q = a - 365. Suppose 2*l - q = l. Is l prime?
False
Suppose -4*s - 3*k = 15, 20 = s - 5*k + k. Suppose -6*h + 602 + 112 = s. Suppose -x - 4*g + 412 = -h, -2*g + 1068 = 2*x. Is x a composite number?
True
Is (25/5)/(105/1871877) a composite number?
False
Let g(w) = -1210*w**3 + 11*w**2 + 23*w + 9. Is g(-2) a prime number?
False
Suppose -513*l = -545*l + 1566304. Is l prime?
True
Let w be -2*-3*(-3)/(-6). Suppose n - 4*z = -2, -6 + 0 = w*n - z. Is 144 + (-2)/n + -4 prime?
False
Suppose -277 = 4*k + 155. Let z = k - -227. Is z a prime number?
False
Let i(x) = 180*x - 349. Is i(41) composite?
True
Let y = -1888 + 2777. Is y a composite number?
True
Suppose 15*n - 17*n = -101962. Is n a prime number?
False
Is 5/(40/(-636))*(-106)/3 a composite number?
True
Suppose -2*x + 8 = 0, -g + 5*x + 26111 = 8*x. Is g a composite number?
False
Let d(w) = w**3 + 8*w**2 - 2*w - 6. Let r be d(-7). Let s = 54 + r. Is s a prime number?
False
Is 6896/64*-6*68/(-6) composite?
True
Suppose -4*a = u - 2832, -5*a + 3*u = -0*u - 3523. Is a composite?
True
Let s be 15103*1*(1 + 0). Suppose -6 = 4*p + 2, -5*a = -4*p - s. Is a a composite number?
False
Suppose -10*s + 78295 = -3*s. Is s a composite number?
True
Let q(i) = i**3 + 32*i**2 + 19*i + 12. Let p be q(-15). Suppose -6153 = -15*x + p. Is x composite?
False
Let u(n) = -3*n - 5. Let f be u(-3). Suppose 63 - f = g. Is g composite?
False
Let t(r) = -6*r**3 + 261*r + 4 + 3 - 263*r. Is t(-5) prime?
False
Let n(t) = t**2 + 91. Let i = -10 - -2. Let y be -1*0/(i/(-2)). Is n(y) a composite number?
True
Suppose 5389 = 10*k + 7*k. Is k composite?
False
Let n(k) = -k**2 + 5*k + 6. Let c be n(5). Let r(t) be the first derivative of t**4/4 - t**3 - 3*t**2/2 + 3*t - 3. Is r(c) prime?
False
Let u(l) = 170*l - 41. Is u(6) composite?
True
Let y be ((-1746)/(-4))/(2/4). Suppose 0*s + s - 2635 = -3*j, j - y = s. Is j a composite number?
False
Let b be (-2)/((-17)/4 + 4). Let n be 45/(-60) + 1142/b. Let w = -83 + n. Is w composite?
False
Let r be 3/(-5) - -1 - 39/(-15). Let g(k) = k**2. Let p(b) = 5*b**2 - 5*b + 1. Let l(t) = 4*g(t) + p(t). Is l(r) a prime number?
True
Let f(o) = 29*o**2 - 1. Let g be 4 + -1 + -1 - 0. Let q be f(g). Let u = q - -34. Is u a prime number?
True
Let t be 3/(-6) + 33/2. Let z be (-1)/(((-2)/t)/1). Let r(l) = 11*l - 6. Is r(z) a composite number?
True
Is 2 + (-41046)/30*(-6 - -1) a prime number?
False
Suppose -5*p + 5*i = 4*i - 22, -p - i = -2. Suppose 4*c - p*x - 20388 = 0, c = -4*x + x + 5105. Is c a composite number?
False
Suppose -1394 = 3*m - 4*m. Suppose 0 = 2*b + 2*j - m, 2*j = -2*b + j + 1398. Is b composite?
False
Suppose 0 = -4*o + 4*b + 60, -7*o + 4*o + 38 = 4*b. Let k(w) = -w**3 + 31*w**2 - 13*w - 13. Is k(o) a composite number?
False
Suppose 20 + 1 = -3*t. Let d(m) = -m**2 - 8*m - 2. Let k be d(t). Suppose -k*c - 2149 = -l - 3*l, 2*l - c - 1079 = 0. Is l prime?
True
Suppose 5*v + 3*a = 26308, -2*a = -4*v + 7348 + 13694. Is v a prime number?
True
Suppose 8*u - 12*u = 0. Suppose 5*p - 2*p - 4*d - 763 = u, -d = 2*p - 516. Is p composite?
False
Let o(h) = -2153*h - 3. Is o(-4) a composite number?
False
Suppose -5*i - 1748 = -f + 2*f, 0 = -4*i + 5*f - 1410. Let s = -2329 + i. Let n = 3778 + s. Is n composite?
True
Let t(n) = n**3 + 20*n**2 - 4. Let y = 5 - 14. Is t(y) a prime number?
True
Suppose -5*n - 917 - 2173 = 0. Let s = 149 - n. Is s a prime number?
False
Is (2 - 3/2)/((-22)/(-846692)) prime?
False
Let z = -320 - -124. Let j = 127 - z. Is j a composite number?
True
Let p be (-5)/(10/3)*-4. Suppose -p = -2*z, c + c - 16 = -2*z. Suppose 4*k - 77 = -3*y + 32, -k = c. Is y prime